on factor of 55 and 154.
11
Calculate the greatest common divisor of 187 and 33.
11
What is the highest common divisor of 48 and 1104?
48
Calculate the greatest common divisor of 1344 and 640.
64
What is the greatest common divisor of 5 and 210?
5
What is the highest common divisor of 806 and 702?
26
Calculate the highest common divisor of 24 and 834.
6
Calculate the greatest common factor of 606 and 505.
101
Calculate the highest common divisor of 165 and 60.
15
What is the greatest common factor of 28 and 8?
4
Calculate the greatest common divisor of 1806 and 162.
6
Calculate the greatest common factor of 308 and 588.
28
What is the highest common divisor of 32 and 104?
8
Calculate the greatest common factor of 32 and 608.
32
Calculate the greatest common divisor of 84 and 348.
12
Calculate the highest common factor of 1166 and 176.
22
Calculate the highest common divisor of 70 and 994.
14
Calculate the highest common factor of 168 and 105.
21
What is the highest common factor of 41 and 123?
41
Calculate the highest common factor of 1882 and 18.
2
What is the greatest common factor of 172 and 1?
1
What is the greatest common factor of 31 and 5425?
31
Calculate the highest common factor of 48 and 36.
12
What is the highest common factor of 78 and 117?
39
What is the greatest common factor of 68 and 782?
34
Calculate the greatest common divisor of 3300 and 50.
50
What is the greatest common factor of 15 and 70?
5
What is the greatest common factor of 8384 and 64?
64
Calculate the highest common divisor of 286 and 1287.
143
Calculate the highest common divisor of 88 and 3168.
88
Calculate the highest common divisor of 1547 and 14.
7
What is the highest common factor of 6298 and 47?
47
What is the greatest common factor of 20 and 500?
20
What is the greatest common divisor of 528 and 11?
11
Calculate the highest common factor of 540 and 36.
36
What is the greatest common factor of 880 and 380?
20
Calculate the greatest common factor of 486 and 12.
6
What is the highest common factor of 456 and 132?
12
Calculate the highest common factor of 230 and 515.
5
Calculate the highest common factor of 1095 and 75.
15
What is the greatest common factor of 468 and 72?
36
What is the greatest common factor of 18 and 6?
6
Calculate the greatest common factor of 700 and 22.
2
Calculate the greatest common factor of 650 and 4150.
50
What is the highest common factor of 10 and 14?
2
What is the highest common divisor of 256 and 48?
16
Calculate the greatest common factor of 70 and 20.
10
Calculate the greatest common divisor of 7 and 1981.
7
Calculate the highest common divisor of 39 and 489.
3
Calculate the greatest common factor of 120 and 48.
24
Calculate the highest common divisor of 2093 and 1092.
91
What is the greatest common divisor of 8 and 396?
4
Calculate the highest common divisor of 35 and 245.
35
What is the highest common divisor of 2486 and 1921?
113
What is the highest common factor of 894 and 6?
6
Calculate the highest common factor of 522 and 6.
6
What is the greatest common divisor of 1624 and 29?
29
What is the greatest common divisor of 59 and 11741?
59
What is the greatest common factor of 240 and 144?
48
Calculate the greatest common divisor of 273 and 624.
39
What is the highest common divisor of 112 and 2408?
56
What is the greatest common divisor of 4904 and 4?
4
What is the greatest common factor of 1288 and 1127?
161
What is the greatest common factor of 1 and 139?
1
Calculate the greatest common factor of 4 and 92.
4
What is the greatest common divisor of 1170 and 1710?
90
Calculate the greatest common divisor of 147 and 483.
21
What is the greatest common factor of 94 and 376?
94
What is the highest common factor of 147 and 42?
21
Calculate the greatest common factor of 108 and 120.
12
Calculate the highest common divisor of 17 and 1717.
17
What is the highest common divisor of 3232 and 96?
32
What is the greatest common factor of 91 and 26?
13
Calculate the highest common factor of 174 and 5684.
58
What is the greatest common divisor of 60 and 21?
3
What is the greatest common divisor of 135 and 225?
45
What is the highest common factor of 36 and 972?
36
What is the greatest common divisor of 12393 and 51?
51
What is the highest common divisor of 434 and 527?
31
Calculate the highest common factor of 16 and 24.
8
What is the greatest common divisor of 119 and 68?
17
What is the greatest common factor of 348 and 783?
87
Calculate the highest common divisor of 600 and 264.
24
What is the greatest common factor of 343 and 196?
49
What is the highest common factor of 33 and 48?
3
Calculate the greatest common divisor of 26732 and 164.
164
What is the greatest common factor of 185 and 259?
37
What is the greatest common divisor of 221 and 104?
13
What is the highest common factor of 15072 and 192?
96
What is the highest common divisor of 1352 and 8?
8
What is the highest common factor of 31 and 62?
31
Calculate the greatest common factor of 1089 and 45.
9
Calculate the greatest common divisor of 54 and 432.
54
What is the greatest common factor of 805 and 690?
115
Calculate the highest common divisor of 3 and 213.
3
What is the highest common factor of 253 and 2139?
23
What is the highest common divisor of 10716 and 12?
12
Calculate the greatest common divisor of 65 and 117.
13
Calculate the highest common factor of 666 and 63.
9
Calculate the greatest common divisor of 30 and 45.
15
Calculate the greatest common divisor of 100 and 1920.
20
Calculate the highest common divisor of 25 and 5675.
25
Calculate the highest common divisor of 377 and 1729.
13
What is the greatest common factor of 10632 and 48?
24
Calculate the greatest common divisor of 255 and 425.
85
What is the greatest common factor of 89 and 712?
89
Calculate the highest common divisor of 52 and 4108.
52
What is the highest common divisor of 48 and 624?
48
Calculate the greatest common factor of 9 and 9279.
9
Calculate the greatest common factor of 486 and 12.
6
What is the highest common factor of 732 and 60?
12
What is the highest common divisor of 54 and 378?
54
Calculate the greatest common divisor of 152 and 1752.
8
What is the greatest common factor of 476 and 102?
34
What is the greatest common factor of 42 and 357?
21
Calculate the highest common factor of 45 and 243.
9
What is the highest common divisor of 748 and 187?
187
Calculate the highest common divisor of 249 and 2075.
83
Calculate the highest common divisor of 656 and 410.
82
Calculate the highest common factor of 1260 and 720.
180
Calculate the greatest common divisor of 5287 and 34.
17
Calculate the greatest common divisor of 297 and 44.
11
What is the highest common factor of 1773 and 9?
9
Calculate the greatest common factor of 2577 and 42.
3
What is the highest common factor of 119 and 17?
17
Calculate the highest common divisor of 18 and 486.
18
What is the highest common factor of 54 and 270?
54
What is the greatest common factor of 68 and 442?
34
What is the highest common divisor of 169 and 91?
13
What is the greatest common factor of 288 and 243?
9
Calculate the greatest common factor of 52 and 5668.
52
What is the greatest common factor of 1 and 1?
1
Calculate the highest common factor of 5 and 1660.
5
What is the greatest common factor of 6344 and 104?
104
Calculate the highest common factor of 1295 and 245.
35
What is the greatest common factor of 144 and 32?
16
What is the greatest common factor of 266 and 171?
19
What is the highest common factor of 231 and 259?
7
Calculate the highest common factor of 58 and 232.
58
Calculate the greatest common divisor of 2085 and 15.
15
Calculate the greatest common divisor of 5478 and 198.
66
What is the highest common factor of 2037 and 84?
21
Calculate the highest common factor of 82 and 615.
41
What is the highest common factor of 325 and 13?
13
Calculate the greatest common factor of 49 and 4627.
7
What is the highest common divisor of 6 and 678?
6
What is the highest common divisor of 34 and 10?
2
Calculate the highest common factor of 667 and 161.
23
What is the greatest common divisor of 8 and 1344?
8
What is the greatest common divisor of 39037 and 379?
379
What is the greatest common factor of 304 and 688?
16
What is the greatest common f